
Suppose 3*f + 3177 = -3*j + 120, f = -5. What is the remainder when (-4)/16 - j/24 is divided by 9?
6
Let u = -4 - -5. Let r be ((-2)/u + 1)*-4. Suppose r = -2*s, 3*s = -2*m - 3 + 57. What is the remainder when m is divided by 8?
6
Let p(q) = -q**3 - 9*q**2 + 30*q - 37. Calculate the remainder when p(-14) is divided by 15.
13
Suppose -22 + 7 = -3*l, 5*b + l + 10 = 0. What is the remainder when 66 is divided by (-70)/b + (-17)/51?
20
Suppose -5*y + 5*m = -25, -3*y - 3*m + 12 = -7*m. Suppose -6*t = -35 - 13. Suppose -3*r = 3*b, 10 = b - 5*r - t. Calculate the remainder when y is divided by b.
2
Let h(p) = -7*p - 67. What is the remainder when 26 is divided by h(-11)?
6
Suppose 0 = -n - 5*h + 189, 0 = -3*n - 10*h + 7*h + 531. What is the remainder when n is divided by 26?
18
Suppose 0 = 6*s - 19*s + 65. Let n(q) = q**3 + 7*q**2 - 9*q - 3. Calculate the remainder when n(-8) is divided by s.
0
Let j(x) = x**3 - 12*x**2 - 9*x - 24. Let h be j(13). What is the remainder when 130 is divided by (-614)/(-14) - (-4)/h?
42
Let v be (-3 - (-3 + (2 - -1))) + 3. Suppose 0 = -k + 12 - v. Calculate the remainder when k is divided by 7.
5
Suppose 3*m - 8 - 1 = 0. Suppose -3*x - 42 = 4*p - 182, 0 = m*p - 2*x - 122. Let w = 68 + -54. Calculate the remainder when p is divided by w.
10
Suppose 0 = -4*o + 3*o - 5*t - 12, -4*o = 5*t + 18. Calculate the remainder when 65 is divided by 9/(-48)*o - 58/(-16).
1
Let n = -1829 + 1141. What is the remainder when (9/6)/((-12)/n) is divided by 22?
20
Let p(b) = 19*b + 1. Suppose -12 = j - 8. What is the remainder when j + ((-1079)/26)/((-2)/4) is divided by p(1)?
19
Let o = 35 + -80. Let r(n) = 22*n**2 - 2*n + 3. Calculate the remainder when r(2) is divided by o*(24/(-9))/4.
27
Let n(j) = -j**2 + 28. Let r(i) = -i**3 + 2*i**2 - 4*i + 6. Let p be r(2). Let q(k) = 5*k**2 + 3*k + 2. Calculate the remainder when n(0) is divided by q(p).
12
Suppose -22*g - 587 + 2435 = 0. Calculate the remainder when 411 is divided by g.
75
Let t = 291 - 46. What is the remainder when t is divided by 25?
20
Let w = -106 - -129. Suppose -21*t + w*t = 192. What is the remainder when t is divided by 20?
16
Let q(s) = -s - 1. Let l(j) = j**3 + 13*j**2 - j - 10. Suppose -3*o + 7*o + 52 = 0. What is the remainder when l(o) is divided by q(-3)?
1
Suppose 6 = 3*y, 2*j = y + y - 42. Let i = j - -22. Suppose 0 = 3*q + a - 71, -i*q + 91 = 7*a - 2*a. Calculate the remainder when 63 is divided by q.
19
Suppose -55 = -y - g, -4*y + 5*g + 320 - 91 = 0. Calculate the remainder when y is divided by 19.
18
Suppose f - 30 = -f. Suppose 3*n = f, -4*n - 35 = -5*z + n. Suppose 4*v - 69 = 3*a, v + 3*a = -v + 57. What is the remainder when v is divided by z?
9
What is the remainder when 14 is divided by 520/(-78)*(15/2)/(-5)?
4
Let j = 33 - 27. Calculate the remainder when (2/2 - 34)*-1 is divided by (-1 - -17) + j/6.
16
Let c = 1690 + -1646. Calculate the remainder when 190 is divided by c.
14
Let d = 17 - 15. Suppose -2*z + d*m + 38 = 0, -4*z = 3*m + m - 60. Suppose -3*c + 5 = -22. What is the remainder when z is divided by c?
8
Suppose -5*l + r + 103 = 0, -5*l - 5*r + 69 = -46. Calculate the remainder when l is divided by 8.
5
Let i(u) = u**2 - 15*u - 21. Let l be i(-8). Suppose -3*d - 3*m = 84 - 324, 2*d + 3*m = l. Calculate the remainder when d is divided by 20.
17
Let m = 83 - 57. Let f(l) = l**2 + 5*l + 7. What is the remainder when m is divided by f(-5)?
5
Let x = 22 + -22. Suppose 4*n - 20 + x = 0. Suppose 5*u = -5*p + 80, 0 = 2*p - p + n*u - 20. Calculate the remainder when 26 is divided by p.
11
Suppose -19*u + 297 = -10*u. Calculate the remainder when u is divided by 9.
6
Let o(u) = -u**3 + 57*u**2 - 107*u - 157. Calculate the remainder when 101 is divided by o(55).
5
Let c(w) = 56*w - 7. Let x be c(3). Let g = x + -72. Let o = -26 - -49. Calculate the remainder when g is divided by o.
20
Suppose -12*j = -54 + 18. Suppose -j*x + 5*w - 6*w = -13, -4*w + 1 = -5*x. Calculate the remainder when 7 is divided by x.
1
Let g be 14/(-5)*(-15)/6. Suppose -33 = -5*x + g. Calculate the remainder when (-273)/(-9) - (-2)/3 is divided by x.
7
Let m(i) = i**2 - 6*i - 10. Let d be m(-5). Let z = d - 63. Calculate the remainder when z/45 - 137/(-5) is divided by 10.
7
Let m = -18 + 94. Suppose 3*p - p - m = 0. Suppose -2*o + 98 = -3*z, -o - 3*z + 20 = -p. Calculate the remainder when o is divided by 18.
16
Let h = -832 + 903. What is the remainder when 495 is divided by h?
69
Let i(d) = -d**2 - 12*d - 17. Calculate the remainder when 127 is divided by i(-4).
7
Let g = 1 - -3. Calculate the remainder when -1 - 0 - (-30 - -2) is divided by (g - 3)*-3 - -10.
6
Suppose 3*a - 2 = 2*a. Let r(b) = 2*b - 3. Let n be r(a). Suppose 21 - n = 4*z. What is the remainder when 14 is divided by z?
4
Let f(g) = 8*g**2 - 19*g - 50. What is the remainder when f(-3) is divided by 17?
11
Suppose -5*u + 8 = 2*w - 0*w, 0 = -4*w - u + 16. Suppose -j - w*j + 370 = 0. Calculate the remainder when j is divided by 15.
14
Suppose -31 = -3*m + 35. Suppose 7 = 5*u + t + m, t + 3 = -u. Calculate the remainder when 49 is divided by (u/(-6))/((-1)/(-34)).
15
What is the remainder when (18436/(-110))/((-33)/15 + 2) is divided by 14?
12
Suppose 3*q - 4*q = -128. Suppose -8*x - q + 328 = 0. Calculate the remainder when (-8)/12*(-438)/4 is divided by x.
23
Suppose 21 = 5*t - 74. Let k = 3025 - 2950. Calculate the remainder when k is divided by t.
18
Let y = -11 + 11. Let s be y + (3 - (1 - 1)). Suppose -s*a = -7*a + 12. What is the remainder when 8 is divided by a?
2
Let v(w) = 2*w**2 + 8*w - 3*w**2 + w**3 + 1 - 4*w. Suppose 24 = -3*h + 11*h. Calculate the remainder when v(h) is divided by 17.
14
Let h be ((-10)/3)/((-2)/3). Suppose h*b - 25 = 15. Let n(g) = g**2 - 4*g - 1. Calculate the remainder when n(8) is divided by b.
7
Let q be (((-309)/2)/(-3))/((-1)/(-2)). Suppose 2*n - n = -3*v + q, 4*n = 2*v - 78. What is the remainder when v is divided by 3?
2
Suppose 3*o + 1 = 2*i, 3*o - 14 = -5*i - o. Suppose -59 = i*l - 15. Let q = l + 48. What is the remainder when 50 is divided by q?
24
Let j(b) = 2*b + 85. Calculate the remainder when 115 is divided by j(-31).
0
Let k(u) = u**3 - 6*u**2 - 7*u - 3. Let m be k(7). Calculate the remainder when -3*44/18*m is divided by 12.
10
Suppose 5*z - 408 = -2*a + 2*z, 408 = 2*a - 9*z. Calculate the remainder when a is divided by 52.
48
Suppose a - 195 + 183 = 0. Calculate the remainder when a is divided by 12.
0
Let m be (-2)/6 + 50/15 + 1. Suppose 14*b - 510 = m*b. Calculate the remainder when b is divided by 13*2 - (1 - 1).
25
What is the remainder when 9/36 - 43/(-4) is divided by 11?
0
Suppose 3*l + l = c + 400, 0 = l + c - 105. Calculate the remainder when l is divided by 16/(-10) + 20/(-50) + 29.
20
Suppose 3*w + x + 70 = 0, -3*w + 4*x + 11 = 61. Let s = 13 + 52. What is the remainder when s is divided by (-370)/w - (-2)/11?
14
Calculate the remainder when 1*((-2)/1)/(18/(-171)) is divided by 11.
8
Let r = -24 - -37. Suppose 0 = 13*p - 12*p + 3*j - 34, -3*j = -3*p + 162. What is the remainder when p is divided by r?
10
Calculate the remainder when 131 is divided by 1/8 - (-16)/(256/558).
26
What is the remainder when ((-1)/2*-526)/1 is divided by (-2 + 18/1)*(9 - (-375)/(-60))?
43
Let r be 2 + -1 + 1 - -2. Let d(j) = -2 - 3*j + 3*j + 3 - r*j. Calculate the remainder when 56 is divided by d(-7).
27
Suppose 2*j = -j - 3. Let g be -7 - (-4 - 30/6). Calculate the remainder when 57 + g + -2 + j is divided by 15.
11
Let z(y) = 7*y + 42. Let o = -84 + 84. Calculate the remainder when z(o) is divided by 12.
6
Let l(r) = -r**3 + 24*r**2 - 9*r + 109. Calculate the remainder when l(23) is divided by 29.
25
Suppose -z = -4*m + 80, 0 = -m + 2*z + 2*z + 35. Calculate the remainder when m is divided by 5/4 + (-341)/(-124).
3
Suppose -86*u - 304 = -94*u. What is the remainder when 189 is divided by u?
37
Let g be (100/30)/((-1)/3). Let h(o) = o**2 + 11*o + 13. Suppose -j + 2*j = 7. What is the remainder when j is divided by h(g)?
1
Calculate the remainder when 5 is divided by (1/(-5))/(((-18)/(-30))/(-3)).
0
Let r(v) = v**3 - 9*v**2 + 9*v + 7. Let b be r(8). Suppose 0*m - m + b = 0. What is the remainder when 58 - 3/(1 + 2) is divided by m?
12
Let x be 2/(-16) - (-903)/56. Let w = 